 80 = 3*x - 2*m. What are the prime factors of x?
2, 3, 5
What are the prime factors of ((-3)/((-9)/(-3389)))/((-218)/654)?
3389
Suppose -19 = -4*b - l + 2, 3*b + 3*l = 27. Suppose -10 = 5*o, b*i = -7*o + 2*o + 50. List the prime factors of i.
3, 5
Suppose -7*w + 10032 = -w. List the prime factors of w.
2, 11, 19
Let t(v) be the second derivative of v**4/3 - v**3/2 - 13*v. List the prime factors of t(2).
2, 5
Let i(j) = -j**3 + 4*j**2 + 6*j + 9. What are the prime factors of i(-4)?
113
Suppose 3*l - 4*x = 33, l - x = -4*x + 11. Suppose 14*p = 83 + 127. Suppose -14*k + l*k = -p. What are the prime factors of k?
5
Let k be (0 - 37)*(-20)/5. Suppose -1060 = -6*q - k. List the prime factors of q.
2, 19
Let a = -355 - -437. List the prime factors of a.
2, 41
Let o(r) = -r**2 + 8*r - 5. Let b be o(7). Let j(p) = 0*p**2 + p**b + p + 0*p**2 - 2*p - 1. What are the prime factors of j(-5)?
29
Suppose 7 = 3*c - 14. Let o(f) = -f + c*f**3 + 1 + 6*f**3 - 12*f**3. List the prime factors of o(2).
7
Suppose -27*l + 5576 = 7*l. List the prime factors of l.
2, 41
Let p(w) = -4*w + 17. Let r be p(-9). Let c = -34 + r. What are the prime factors of c?
19
Let j(z) = -z**3 + 2*z**2 + 2*z + 30. List the prime factors of j(-7).
457
Let d(c) be the third derivative of 2*c**2 + 1/10*c**5 + 0 + 0*c + 1/120*c**6 + 1/2*c**3 + 1/12*c**4. What are the prime factors of d(-5)?
2, 3
List the prime factors of (7 - 5) + 6/(-12)*-1730.
3, 17
Suppose -64*z + 3*k = -67*z + 12354, -z = -3*k - 4130. List the prime factors of z.
13, 317
Let h(v) = -v**3 - 2*v**2 + 4*v + 10. Let t be h(-7). Let l = -62 + t. List the prime factors of l.
3, 5, 11
Let i = 619 + 626. Suppose -4*r = r + 2*z - i, 0 = 4*z. What are the prime factors of r?
3, 83
Suppose -2*d - 5 = -9. Suppose 5*m - 6 = 2*x + 127, -d*m = 3*x - 38. What are the prime factors of m?
5
Suppose 0*q - 200 = q. Let y be (-1 + 4)*q/30. List the prime factors of -20*(-1 + 36/y).
2, 7
Let z = 442 + -804. Let r = 568 + z. Suppose -t + 5*h + 50 = 0, -3*t + 5*h + r = 46. What are the prime factors of t?
5, 11
Suppose 3443 = -3*m + 14*m. Let p = -166 + m. What are the prime factors of p?
3, 7
Let n(t) = t**2 - 4. Let i be n(0). Let w be ((-5)/(-2))/((-2)/i). Suppose 0 = -2*l - w*d + 21, -2*l = -5*l - 5*d + 39. What are the prime factors of l?
2, 3
Suppose 0 = h + 5*b - 120, b + 2*b = 2*h - 188. Let z = h - 41. What are the prime factors of z?
59
Suppose 23*h = 20*h + 9318. What are the prime factors of h?
2, 1553
Let q be (25/10)/(1/2). Let t(n) = -1 + 2*n**3 + 5*n - n**2 - q*n - 4*n**3. What are the prime factors of t(-2)?
11
Suppose 2*u = -6*u + 56. List the prime factors of (-13)/3*(-189)/u.
3, 13
Suppose 2*b + 5 = -3. Let k be -169 + (-3 - b) + -2. What are the prime factors of (2 - -1)*k/(-15)?
2, 17
Let w(x) = 284*x**3 - 15*x**2 - x + 2. List the prime factors of w(2).
2, 7, 79
Suppose -20 = 2*r - 6*r. Suppose r*i = c + 4*i - 23, 3*c + 2*i - 74 = 0. What are the prime factors of c?
2, 3
Suppose -43 - 5 = 6*y. Suppose -3*a + 254 + 221 = -5*s, 5*s - 4*a + 480 = 0. List the prime factors of (s/y)/(3/6).
23
Let m(k) = 108*k + 1. What are the prime factors of m(1)?
109
Let m = -8 - -4. Let s be 14/8 - 10/(-40). What are the prime factors of (m/(-6))/(s/123)?
41
Suppose -2*n - 165906 = -80*n. List the prime factors of n.
3, 709
What are the prime factors of (-93)/(2 - (4 + (-82)/44))?
2, 11, 31
Let u be (-22)/4*-36 - -3. Suppose 379 + u = 5*c. What are the prime factors of c?
2, 29
Suppose -3*i + 5*y = y + 77, -2*i - 51 = -3*y. Let p = -54 + 4. Let c = i - p. What are the prime factors of c?
23
What are the prime factors of 2*(-637)/28*-1*6?
3, 7, 13
Suppose -3*r + 1554 = 3*i + 129, 2*i = r - 460. List the prime factors of r.
2, 5, 47
Let s(y) = -5*y**3 - 6*y**2 + 7*y - 9. List the prime factors of s(-7).
29, 47
Let z = 502 - 443. What are the prime factors of z?
59
Let w(z) = z**3 + 12*z**2 + 11*z. Let s be w(-11). Suppose 5*y - h = 803, 332 = -s*y + 2*y - 4*h. List the prime factors of y.
2, 5
Suppose -4*c + c + 6 = 0, 2*c = -5*x + 29. Suppose x*p = y - 14, -2*p = 5 + 3. List the prime factors of (1 - -30) + (-5 - y).
2
Suppose -4*z + 8*p = 12*p - 1404, 0 = -3*z + 4*p + 1032. List the prime factors of z.
2, 3, 29
Let p(r) be the third derivative of r**4/24 + 7*r**3/2 - 6*r**2. Let s(b) = b + 22. Let x(l) = 3*p(l) - 2*s(l). What are the prime factors of x(-8)?
11
Suppose -9*m - 5*m + 1302 = 0. List the prime factors of m.
3, 31
Suppose -2*a - 4 = 0, -6*a + a = 4*w - 770. What are the prime factors of w?
3, 5, 13
Let x = 98 + -75. Let t = x + 20. List the prime factors of t.
43
Let r = -21 + 35. Suppose -16 = -5*x + r. What are the prime factors of x?
2, 3
Let j(p) = 2*p**3 - 29*p**2 + 22*p - 19. List the prime factors of j(14).
3, 31
Suppose 0 = -3*d + 13 + 5. What are the prime factors of (-3 - 75/d)*-2?
31
Suppose -3*n = 12, 2*p + 7*n = 11*n + 2640. What are the prime factors of p?
2, 41
Let b(u) = -2*u**3 - 2*u**2 - u. Let r be b(-2). Suppose -2*l - 4 = -r. List the prime factors of 2/(-6) - (-70)/l.
23
Let b(h) = -55*h - 188. List the prime factors of b(-25).
1187
Let r = -77 - -178. Let v = r + -59. List the prime factors of v.
2, 3, 7
Suppose 27 = 5*b + 4*j, 5*b + 0*b - 2*j = 9. Suppose -g - q = -b - 15, -g + 3*q = -26. What are the prime factors of 3*(g + (1 - 5))?
2, 3
Suppose -4*w - w + 670 = 0. Let x = -13 + w. List the prime factors of x.
11
Suppose -5*t = -2*u - 10, -4*t = -3*u + 2*u - 5. Suppose t = 2*j + 39 - 233. List the prime factors of j.
97
Let w = 48 + 25. What are the prime factors of w?
73
Suppose 5*t = -c + 3*t + 1, c - 7 = 4*t. Suppose -3*l - 7*u = -3*u - 201, c*l - 228 = 5*u. What are the prime factors of l?
71
Let x = -11 + 19. What are the prime factors of -2*((-60)/x + 1)?
13
Suppose 4*v = -4*v + 56. Suppose -c + v = -40. List the prime factors of c.
47
Let a(f) = -15*f**2 - 4*f - 19. Let v(j) = -4*j**2 - j - 5. Let m(x) = 2*a(x) - 9*v(x). List the prime factors of m(3).
2
Let h(d) = 6*d**2 + 3*d. Let j be h(-4). Let k be 145/7 + 24/j. List the prime factors of 30/7 - 6/k.
2
Suppose -33 = 4*o - 9. Let x = o - -6. Suppose x*p - 2*p = 5*w - 60, 3*w = -6. What are the prime factors of p?
5, 7
Let k(c) = 3*c + 10 - 2*c + 0. Let i be k(-6). Suppose -5 = x + 4*q - 22, i*x = -q + 83. What are the prime factors of x?
3, 7
Suppose -9*i + 578 = -34. Suppose 2*y + 9 = 3*w + 5*y, 5*w - 6 = 4*y. Suppose 4*l = -5*v + 86 + 51, -2*l = w*v - i. What are the prime factors of l?
3, 11
Let s(x) be the third derivative of -x**5/60 - 17*x**4/24 + x**3/2 - 2*x**2. List the prime factors of s(-12).
3, 7
Let a be (-4 + 5)/((-5)/(-1955)). Suppose -2*g + 4*k + 92 = -g, 3*k - a = -5*g. What are the prime factors of g?
2, 5
Suppose -3*h - 15*i = -18*i - 4308, -3*h + 4309 = -2*i. What are the prime factors of h?
3, 479
Suppose l = -3*u + 1346, 13 = -u - 5*l + 485. List the prime factors of u.
3, 149
Let h = 25 + -21. Suppose -22 = -h*k + 1166. What are the prime factors of k?
3, 11
Let k(f) = -f**3 - 2*f + 4. Let l be k(0). Suppose 4*v = -5*x + 443, l*x = 2*v - 3*v + 361. What are the prime factors of x?
7, 13
Suppose -15*w + 768 = -6612. Let q = w + -285. What are the prime factors of q?
3, 23
Suppose -3*u = -n - 103, 0 = u + 2*n - 0*n - 39. What are the prime factors of 4/(-28) + 10330/u?
5, 59
Let a = 90 + -85. Suppose f + k = -5 + 71, 3*f - a*k = 206. List the prime factors of f.
67
Suppose -7 = 5*i - 27. Suppose -2*s = i*j - 17 - 149, 0 = -s - j + 83. List the prime factors of s.
83
Let b = 2276 + -1794. List the prime factors of b.
2, 241
Suppose -3*n = -4*q - 3156, 2*n - 6*n = 3*q - 4233. Suppose 20 = 5*d, -3*d + n = -m + 5*m. List the prime factors of m.
3, 29
Suppose -5*d + 4*h + 3258 = 0, 8*d - h = 5*d + 1952. What are the prime factors of d?
2, 5, 13
Let l(f) = -f**3 + 9*f**2 + 2. Let p be l(8). Let q be 2*((-5)/(-2) - 0). Suppose -q*o = -366 + p. What are the prime factors of o?
2, 3, 5
Suppose 0 = -7*q + 4*q - 5*k + 24, -4*k = 2*q - 18. Suppose -a = -0 - 4, -q*i - 5*a = -314. What are the prime factors of i?
2, 7
Suppose -79*r + 82*r - 9 = 0. List the prime factors of (1 + 1)*327/r.
2, 109
Let u be ((-34)/1)/1*(-15)/6. Let w = u + -8. List the prime factors of w.
7, 11
Suppose 2*g + n = -12, 4*g + 4*n + 4 = -12. Let j(f) = -